(-2))*-2?
10
Suppose 3*m - 10*z - 36 = -5*z, 5*z - 15 = 0. Suppose 0 = -4*r - 1 + m, 2*i - 5*r = 196. What is the remainder when i is divided by 22?
20
Let i = -1801 - -2241. What is the remainder when i is divided by 26?
24
Suppose -9*z + 5*z + 3*s = -12, -4 = -5*z + s. Suppose z = -c + 17 + 35. Let g = 417 - 262. Calculate the remainder when g is divided by c.
51
Let y = -3130 - -3760. Calculate the remainder when y is divided by 158.
156
Suppose 3*f - 3*z - 15 = 57, 0 = 3*z. Suppose f*i = 513 + 519. Calculate the remainder when i is divided by 14.
1
Let y(h) = -100*h + 1030. What is the remainder when 289 is divided by y(10)?
19
Suppose -352 = 25*k - 29*k. Suppose 2*b - 4*b - 104 = -3*t, -3*t = 2*b - k. Calculate the remainder when t is divided by 10.
2
Suppose 78 - 194 = -29*i. Suppose -i*q = 4*d - 1904, d + 34 = -3*q + 514. What is the remainder when d is divided by 34?
32
Let b be 30/(-4)*268/(-6). Let a = 490 - b. Calculate the remainder when a is divided by 26.
25
Let s be (-3)/(5/2 + -3). Suppose 0 = 17*d - s*d. Suppose -5*f + 62 + 28 = d. What is the remainder when 123 is divided by f?
15
Let u = -326 - -352. Let g = 53 + -44. What is the remainder when u is divided by g?
8
Suppose 88*l = -126*l + 8346. Calculate the remainder when 115 is divided by l.
37
Let z(u) = u**3 + 12*u**2 - 10*u - 22. Let m be z(-11). Suppose -m + 17 = -6*p. What is the remainder when 58 is divided by p?
26
Let d = 6878 + -6817. What is the remainder when 246 is divided by d?
2
Suppose -j - 2453 = -4026. Calculate the remainder when j is divided by 71.
11
Let g = -230 + 244. Suppose -4*f + g = -10. What is the remainder when 101 is divided by f?
5
Let y(u) = u**3 + 7*u**2 + 6*u + 101. Calculate the remainder when 1294 is divided by y(-7).
55
What is the remainder when ((-17 - -21) + -239)/(-1) is divided by 135?
100
Suppose -25033 - 26788 = -10*z - 10541. Calculate the remainder when z is divided by 159.
153
Let w(b) = 15*b + 18. Let d be w(2). Let f = 54 - d. What is the remainder when 130 is divided by f?
4
Let o = -185 - 36. Let w = 19 + o. Calculate the remainder when w/(-12)*1 + 4/24 is divided by 7.
3
Let m(a) be the third derivative of a**5/20 + 7*a**4/12 - a**3/2 + 13*a**2 + 1. What is the remainder when 23 is divided by m(-6)?
2
Let w(v) = v - 21. Let k(r) = -2*r + 35. Let t be k(16). Let c be w(t). Let z = c + 25. Calculate the remainder when 33 is divided by z.
5
Suppose 0 = -8*c - 7*c - 57 - 18. Let q(k) = -k**3 - k - 5. Let z be q(0). Calculate the remainder when 70 is divided by 14 + (5 - (c - z)).
13
Let z = 67 - 43. Suppose -40*f + 140*f = 3900. What is the remainder when f is divided by z?
15
Suppose 0 = -2*l - l + 9. Suppose 0 = -k + l*s - 7, -1 = -k + 4*k - 4*s. Suppose -k*r - 96 = -8*r. Calculate the remainder when r is divided by 9.
5
Let a(y) = -y**2 + 22*y - 41. Let m be a(18). Suppose -26*v + m*v = 45. What is the remainder when 574 is divided by v?
7
Suppose 0 = -62*s + 20477 + 25279. What is the remainder when s is divided by 39?
36
Let z(n) = -2*n**3 - 9*n**2 - 2*n - 8. Let y be 3*8/60*-15. Let b be z(y). Let u = b - 59. Calculate the remainder when u is divided by 14.
11
Let x(r) = 312*r + 334. Calculate the remainder when 10447 is divided by x(-1).
19
Let g(x) = x**2 - 97*x + 1201. Calculate the remainder when 684 is divided by g(83).
21
Suppose 2*p + 5*z + 0 = 450, 4*p = 5*z + 870. Suppose 211*u = p*u - 198. What is the remainder when 31 is divided by u?
9
Let s be -4 + (-9 - -6) + 34. Suppose s*p = 29*p - 74. What is the remainder when 109 is divided by p?
35
Let p(y) = 2 - 4*y**3 + 4*y - 3*y**2 - 2 - 2 + 3*y**2. What is the remainder when p(-4) is divided by 20?
18
Let v(s) = -s - 1. Let g be v(1). Let f = -10 - g. Let m = f + 16. Calculate the remainder when 71 is divided by m.
7
What is the remainder when (-2596)/(-12) - (-6)/9 is divided by (-118)/(-6) - -3*3/27?
17
Suppose 1812 = 16*u - 20*u. Let f = u - -630. What is the remainder when f is divided by 90?
87
Suppose 11*y = 6*y + 20. Suppose -26 - 30 = -y*t. Suppose -6*d + 10 = -t. Calculate the remainder when 18 is divided by d.
2
Let h be -3 - -4 - 2/(-2). Suppose 3*i = p - 19, 5*p + 2*i + 0*i = 61. Let b = p + h. What is the remainder when 26 is divided by b?
11
Suppose -2*t + 2*h = 2*t + 1190, 3*t + 4*h + 909 = 0. Let c = t + 323. What is the remainder when 70 is divided by c?
22
Let v(d) = 41*d**2 - 55*d - 576. What is the remainder when 3241 is divided by v(-9)?
1
Calculate the remainder when (-4*64)/(-14 + 13) is divided by 40.
16
Suppose -75*d + 172*d - 88435 - 77338 = 0. What is the remainder when d is divided by 5?
4
Calculate the remainder when 4/14 - 1275/(-21) is divided by 10/((-80)/108)*(20/15 + -2).
7
Let x = 64 + -50. Suppose -x = n - 8. What is the remainder when 29 is divided by 4 + n + 1 - -7?
5
Let l = 34458 - 34450. Calculate the remainder when 15127 is divided by l.
7
Let z = 598 + -550. Calculate the remainder when 179 is divided by z.
35
Let i = 14656 + -14648. Calculate the remainder when 67 is divided by i.
3
Let u(n) = -120*n + 177. Let c(s) = 42*s - 59. Let o(q) = 17*c(q) + 6*u(q). What is the remainder when 9 is divided by o(9)?
4
Let p = -18 + 39. Let z(d) = d**3 - 20*d**2 - 18*d - 15. Suppose -2*y - 92 = -4*v, -60 = -2*v - 2*y - 2. What is the remainder when z(p) is divided by v?
23
Suppose -502*z = -501*z - 2. Suppose 0 = 2*o + 6, -48 = z*t + 2*o - 144. What is the remainder when 304 is divided by t?
49
Let u = -19403 - -26117. Calculate the remainder when u is divided by 81.
72
Suppose -56 = -21*x + 7*x. Suppose -3*k + 5*h + 143 = 0, k - 8 = -h + 37. Calculate the remainder when k is divided by x.
2
Let u = 48 + -33. Suppose -v + 24 = 3*v - 5*f, -3*v + 3*f + u = 0. What is the remainder when 57 is divided by -4 + 30/(-35)*(-28)/v?
17
Let u(v) = -37*v - 449. What is the remainder when 120 is divided by u(-13)?
24
Let v(t) = -t**2 + 8*t + 79. Let n be v(13). Calculate the remainder when (-3 - (-49)/n)*252 is divided by 32.
30
Let l(d) = -2*d**3 + 12*d**2 - 5*d + 11. Let t be l(6). Let w = 26 - 62. Let o = t - w. Calculate the remainder when 29 is divided by o.
12
Suppose 0*p - p + 172 = 4*b, 2*b - 556 = -3*p. Let x = 255 - p. What is the remainder when x is divided by 14?
11
Let x = 4421 - 4388. Calculate the remainder when 124 is divided by x.
25
Suppose 27*s - 721 = 359. What is the remainder when 59 is divided by s?
19
Suppose 116*f - 72*f - 880 = 0. Suppose 0 = -2*q - 4*s - 0*s + 342, 0 = s + 4. Calculate the remainder when q is divided by f.
19
Let q(l) = -159*l + 818. What is the remainder when 27413 is divided by q(5)?
20
Suppose 206*h = 350*h - 35856. What is the remainder when 1750 is divided by h?
7
Let n = 190 + -352. Let l = n + 167. What is the remainder when 30 is divided by l?
0
Suppose 4 = 4*z - 12. Suppose -25*x + 20*x + 105 = 0. Suppose z*w - x = 243. What is the remainder when w is divided by 23?
20
Let w(f) = f**3 - 21*f**2 - 21*f - 2. Let h be w(22). Suppose 19*o + 20 = h*o. What is the remainder when 53 is divided by o?
13
Suppose 0 = 9*m + 11*m - 60. Suppose -6*o - m*r + 85 = -o, o + 2*r - 17 = 0. Suppose 3*l = -0*l + 30. What is the remainder when o is divided by l?
7
Let d(j) = -7*j - 6. Suppose -6*h - 56 + 836 = 0. Let z = h - 111. What is the remainder when d(-6) is divided by z?
17
Let j(g) = g**3 - g**2 - 14*g + 33. Calculate the remainder when 4 - 6 - -8 - -118 is divided by j(4).
24
Calculate the remainder when 285 is divided by 105/(-5)*1/(-7)*(-11)/(-3).
10
Let r = 12418 - 12401. Let y(l) = 25*l + 4. What is the remainder when y(5) is divided by r?
10
Suppose -5*g - 103 = -118, 2*g = -s + 94. What is the remainder when 2016 is divided by s?
80
Suppose 25*b + 1694 = -2031. Let z = -53 - b. Calculate the remainder when 669 is divided by z.
93
Let l(f) = f**3 - 6*f - 13*f + 5*f - 13*f**2 + 28. Calculate the remainder when 40 is divided by l(14).
12
What is the remainder when 317 is divided by ((-18)/15)/(4/(7680/(-36)))?
61
Let z be 8/(-6)*(-24)/16*1. Let r(c) = 19*c**z + 10*c - 13*c**2 + 22*c**2 + 21. What is the remainder when r(-3) is divided by 35?
33
Calculate the remainder when (0 - -2) + 8421/7 is divided by 8.
5
Let b(a) be the second derivative of 13/2*a**2 + 8*a + 0 + 7/3*a**3. What is the remaind